{"id":137,"date":"2021-02-15T18:37:50","date_gmt":"2021-02-15T18:37:50","guid":{"rendered":"http:\/\/kitabiberbau.ch\/?page_id=137"},"modified":"2022-06-03T13:58:40","modified_gmt":"2022-06-03T13:58:40","slug":"kontakt","status":"publish","type":"page","link":"https:\/\/kitabiberbau.ch\/?page_id=137","title":{"rendered":"Kontakt"},"content":{"rendered":"<div id=\"cs-content\" class=\"cs-content\"><\/div>\n","protected":false},"excerpt":{"rendered":"<p>KontaktUnsere KitaIndustriestrasse 2cSUN Areal8575 B&uuml;rglen +41 71 633 17 73info@kitabiberbau.ch &nbsp;Kontaktieren Sie uns,wenn Sie Anmerkungen oder Fragen haben, mehr Informationen w&uuml;nschen oder einen Besichtigungstermin vereinbaren m&ouml;chten. Zum Anmeldeformular f&uuml;r die Kita klicken Sie hier:Anmelden KontaktformularNameVornameEmail AdresseTelefonBetreffStandortBitte w\u00e4hlen Sie den gew\u00fcnschten StandortB\u00fcrglenH\u00fcttwilenWeinfeldenSch\u00f6nenbergMitteilungsenden KontaktUnsere KitaIndustriestrasse 2cSUN Areal8575 B&uuml;rglen +41 71 633 17 73info@kitabiberbau.chKontaktieren Sie uns,wenn Sie Anmerkungen oder Fragen haben, mehr Informationen &#8230; <\/p>\n<div><a href=\"https:\/\/kitabiberbau.ch\/?page_id=137\" class=\"more-link\">Read More<\/a><\/div>\n","protected":false},"author":1,"featured_media":0,"parent":0,"menu_order":4,"comment_status":"closed","ping_status":"closed","template":"template-blank-4.php","meta":{"footnotes":""},"class_list":["post-137","page","type-page","status-publish","hentry","no-post-thumbnail"],"_links":{"self":[{"href":"https:\/\/kitabiberbau.ch\/index.php?rest_route=\/wp\/v2\/pages\/137","targetHints":{"allow":["GET"]}}],"collection":[{"href":"https:\/\/kitabiberbau.ch\/index.php?rest_route=\/wp\/v2\/pages"}],"about":[{"href":"https:\/\/kitabiberbau.ch\/index.php?rest_route=\/wp\/v2\/types\/page"}],"author":[{"embeddable":true,"href":"https:\/\/kitabiberbau.ch\/index.php?rest_route=\/wp\/v2\/users\/1"}],"replies":[{"embeddable":true,"href":"https:\/\/kitabiberbau.ch\/index.php?rest_route=%2Fwp%2Fv2%2Fcomments&post=137"}],"version-history":[{"count":21,"href":"https:\/\/kitabiberbau.ch\/index.php?rest_route=\/wp\/v2\/pages\/137\/revisions"}],"predecessor-version":[{"id":606,"href":"https:\/\/kitabiberbau.ch\/index.php?rest_route=\/wp\/v2\/pages\/137\/revisions\/606"}],"wp:attachment":[{"href":"https:\/\/kitabiberbau.ch\/index.php?rest_route=%2Fwp%2Fv2%2Fmedia&parent=137"}],"curies":[{"name":"wp","href":"https:\/\/api.w.org\/{rel}","templated":true}]}}